umber?
False
Let r be 3/(-1) - (-16 - -10). Suppose -r*z + 0*z + y + 1345 = 0, 5*y - 908 = -2*z. Is z composite?
False
Let q = -6 - -9. Suppose -4*p + 8*p + q = t, -2*p - 68 = -4*t. Is t a composite number?
False
Let c(v) = -211*v + 2. Is c(-3) composite?
True
Let a be (-15)/(-60) + (-11)/(-4). Is a*((-147)/9)/(-1) prime?
False
Is 2019/(5*(-2)/(-10)) a prime number?
False
Suppose -j = j + 6594. Is (2/6)/((-7)/j) composite?
False
Let u be (-5)/(5/4) + 1. Is (-400)/(-3) + 1/u a composite number?
True
Suppose -c - g + 12 = -0*c, -12 = -3*g. Let m(r) = 2*r - 1. Is m(c) a composite number?
True
Let b = -67 - -702. Is b a composite number?
True
Suppose 91 + 88 = 4*y - 3*v, -2*v + 42 = y. Suppose -8*l = -4*l - y. Is l a composite number?
False
Suppose -2 - 2 = 2*u. Let q = 0 - u. Is q prime?
True
Suppose 2*a - 132 = 5*a. Let b = a + 171. Is b a composite number?
False
Let h(w) = 13*w**2 + w - 1. Let g(o) = 4*o**3 + o**2 - o + 1. Let b be g(1). Suppose -j - 11 = b*f, 6 = -4*f - j + 3*j. Is h(f) composite?
True
Let y(d) = d**3 - 5*d**2 - 9*d - 7. Suppose 1 = 2*c + 2*r - 9, 2*r - 34 = -5*c. Is y(c) a composite number?
False
Suppose -l - 97 = -4*h, 36 = 2*h + 3*l - 23. Let u be (-3 - (0 - -6)) + -1. Is (-393)/(-5) - u/h prime?
True
Is 1*2/(-3) - 273390/(-90) prime?
True
Let d(w) = w + 4. Let j be d(-4). Let h be 1 - 2 - -1 - j. Suppose h = -i + 4*i - 114. Is i a composite number?
True
Suppose 7*f - 4*f = 6. Let w = 50 + -46. Suppose -3*h + 4*b + 167 = 0, f*b - w*b = -3*h + 163. Is h prime?
True
Let y(h) = 11*h + 3. Let l be y(7). Suppose l = 5*m + 5*q, 61 + 38 = 4*m - 3*q. Is m a composite number?
True
Suppose -8*r = -13*r + 390. Suppose -4*f + 2*z + 88 + 48 = 0, 0 = -2*f - 4*z + r. Is f a composite number?
True
Let g(k) = 16*k - 13. Is g(12) a composite number?
False
Suppose -u + 162 = c - 0*c, -2*c = 4*u - 638. Is u composite?
False
Let l be 4*13 - 8/(-4). Let a = l - -73. Is a prime?
True
Suppose -m - 12 = 3*b, b + 15 = -5*m - 3. Let i be 3/b - (2 + -3). Suppose i = -p + 4*r + 33, -105 = -5*p - r + 60. Is p a prime number?
False
Suppose -2*c + 2218 = 56. Is c a prime number?
False
Let i(z) be the second derivative of 1/2*z**2 + z**3 + 2*z - 1/2*z**4 + 0 + 1/20*z**5. Is i(6) composite?
False
Let l be 3/((6/(-8))/1). Let p = -1 - l. Suppose -37 = -p*v + 2*v. Is v prime?
True
Suppose 4*j + 326 = -2*u, -j = -3*u - 0*u - 475. Let q = u + 233. Is q a composite number?
True
Suppose 0 = 2*n - 7*n + 40. Let f = 39 - n. Is f composite?
False
Let t = 339 - -362. Is t prime?
True
Suppose 2*r - 7*r = 4*g - 1561, r = 1. Is g prime?
True
Let o(v) = -2*v**3 - 4*v**2 - 2*v. Let k be o(-2). Suppose 111 = 2*z - 5*i, -3*z = -8*z + k*i + 235. Is z a composite number?
False
Let d be (12/8)/(2/4). Suppose 3*g + d*v + 557 = 4*g, 0 = -2*g - 5*v + 1103. Suppose -5*f + 993 = 5*j + 73, 3*j + f - g = 0. Is j a prime number?
False
Suppose -3*p - 60 = -9*p. Suppose 0 = -11*o + p*o + 355. Is o a prime number?
False
Let u(f) be the first derivative of -18*f**2 - 3*f - 4. Is u(-2) a prime number?
False
Is (-3 + 1)*1028/(-8) composite?
False
Let b = -40 + 59. Is b a composite number?
False
Let i be 1/(-2) + 4/8. Suppose 0*t + 3*t - 6 = i. Is (t - (0 + 1)) + 84 a composite number?
True
Is 21*(18/(-30) + 38/30) prime?
False
Suppose -22 = 5*m - 47. Suppose 778 - 207 = 2*k - m*g, -3*k + 3*g + 879 = 0. Is k composite?
True
Let k(r) = 13*r - 3. Is k(10) a prime number?
True
Let z(u) = 140*u**2 - 2*u - 1. Let o be z(-2). Is (o/4)/(5/20) a composite number?
False
Let g = -47 - -67. Suppose 2*k + 6 = g. Is k a prime number?
True
Suppose -t + 1588 = 5*q + t, 0 = -5*t + 20. Let m = q + -49. Suppose -2*i = i - m. Is i composite?
False
Let j(k) = 224*k**2 + 5. Is j(-2) prime?
False
Let t(n) = -2*n - 17. Let g(a) = -a. Let k(u) = -3*g(u) - t(u). Is k(12) a prime number?
False
Let c(v) = -3 + 4*v - 5*v + 2. Let a be c(3). Let z(d) = -d**3 - 2*d**2 + 2*d - 3. Is z(a) prime?
False
Let y(z) = -z**2 + 8*z - 8. Let o be y(6). Suppose 2*i + 62 = -5*h + 7, 2*i - o*h + 46 = 0. Let k = i + 60. Is k a composite number?
True
Is 548 + -4 + 3 + -2 composite?
True
Suppose 16 - 4 = 2*f - 2*b, 2*b + 6 = 0. Suppose -4*i + 11 = i - 4*h, 4*i + f*h = -16. Let j(g) = 212*g**2 - 1. Is j(i) a prime number?
True
Is (13/(-13))/(-1*1/733) prime?
True
Let t(h) = -11*h - 11. Is t(-6) a composite number?
True
Suppose -3*m + 2976 = -d, -4*m = -0*m + d - 3961. Is m prime?
True
Suppose 3*c - 4*r = -0*r + 1117, 3*c + 2*r - 1111 = 0. Is c prime?
False
Let q be (-4)/((-2 - -4)/(-1)). Suppose -2*s + 8 = -4*n, q*n = -2*s - 2*s - 4. Suppose s = d - 3*d + 14. Is d prime?
True
Suppose 2*t - 4 = 6. Suppose -i - t = l, 2*l - 4*i - 2 - 6 = 0. Let p(m) = -15*m + 1. Is p(l) a composite number?
False
Let b = -409 - -726. Is b composite?
False
Let p(x) = x**3 + 5*x**2 - 6*x + 13. Let v be p(7). Suppose -4*s + 181 = -v. Is s composite?
True
Suppose 7*b + 2489 = h + 2*b, 0 = 3*h - 4*b - 7511. Is h a prime number?
False
Let y(j) = -j**3 + 11*j**2 + 8*j - 3. Is y(8) a prime number?
False
Let b = 2 - 0. Suppose b*a + a = 114. Suppose -2*u + 8 = -a. Is u a prime number?
True
Suppose 4*c + 4 = -12. Let p(f) = f**2 + 5*f**2 - 3 - f**2. Is p(c) a composite number?
True
Let k = 845 + -592. Is k a composite number?
True
Let s(p) = p**3 + 2*p**2 + 1. Let x be s(-2). Suppose -x = z - 4. Suppose -287 = -5*r - 4*g, 5 = z*r + 2*g - 166. Is r composite?
True
Let n(r) = -r**3 - 9*r**2 + 8*r + 1. Let g be 8/(-28) - (-68)/(-7). Is n(g) a prime number?
False
Suppose 0*r + 2*r = 0, 4*d - 5596 = 3*r. Is d composite?
False
Let m be (-172)/20 - 9/(-15). Is (-534)/m + (-8)/(-32) a prime number?
True
Let j = 2 - 2. Let d(q) = -q + 101. Let g be d(j). Let y = 166 - g. Is y a composite number?
True
Let y = -11 + 8. Is y + (-380)/(-1) + 0 prime?
False
Let h = 13 - 6. Suppose 0*z = z - h. Is z composite?
False
Let k(b) be the second derivative of -b**6/720 + 119*b**5/120 - b**4/12 - 2*b. Let s(v) be the third derivative of k(v). Is s(0) a prime number?
False
Let m(w) = -w**3 + 10*w**2 - 7*w + 2. Let t be m(8). Suppose -5*d = -3*d - t. Is d composite?
False
Let c(i) be the third derivative of i**5/60 + i**4/4 + i**3/6 + 2*i**2. Let t be c(-7). Let j = t + -1. Is j a composite number?
False
Is 8222/14 + (-20)/70 a composite number?
False
Suppose -2*m = -15 - 1. Is 5/(-20) - (-2074)/m a prime number?
False
Is 2/18 + 10052/9 composite?
False
Suppose -4*m - 4*p = 292, -p + 369 = -5*m - 2*p. Suppose 0 = -3*q - 3*c - 369, 5*q + 3*c + 961 = 338. Let w = m - q. Is w a prime number?
True
Let t be ((-12)/(-10))/((-6)/(-15)). Let w be (9 - t)/(1 + 1). Suppose 4 = -h - 3*h, 0 = l - w*h - 29. Is l composite?
True
Let s be 2/(-4) - 330/(-44). Suppose -4*k = 22 - 6. Let d = s - k. Is d a composite number?
False
Suppose 4*c - 4970 = -862. Suppose -3*z + c = 328. Is z composite?
False
Let a(f) = -265*f. Is a(-1) a composite number?
True
Suppose -56 = g + 3*g. Let t be 4/g - 8/(-28). Suppose -63 = -t*p - p - 4*l, l - 178 = -3*p. Is p prime?
True
Let c be 2924/(-16) - (-1)/(-4). Let y = c + 596. Is y a prime number?
False
Let u = 151 - 38. Is u prime?
True
Suppose 0*q = -q + 729. Let i = q + -408. Is i prime?
False
Let m be 1 - ((-2)/(-2) + 0). Let h(x) = x + 41. Let k be h(m). Let q = -19 + k. Is q prime?
False
Let y = -5 + 5. Suppose y = -z + 4*z - 165. Is z a composite number?
True
Let k be 168/(-77) - (-4)/22. Is (2 + 152)/(k + 4) a prime number?
False
Suppose 0 = -j + 4*j. Suppose j = -x - 2*h + h + 109, -5*x = -3*h - 561. Is x prime?
False
Let j(c) = c**3 + 2*c**2 - 5*c - 2. Let f be j(-3). Is -3 + (-86)/(3 - f) composite?
False
Suppose 0 = -2*l + 7*l + 10. Let n be 1/(2/8*l). Is (1 + 1)*(-77)/n a prime number?
False
Let f be 12*-1*3/(-2). Let a be 40/f + (-2)/9. Is a/(-6)*-3*47 composite?
False
Let q(x) = -65*x + 1. Let g be q(-5). Let u = g + -205. Is u composite?
True
Suppose 7*s = 8*s - 307. Is s prime?
True
Is 26/(-10)*(-780)/12 a composite number?
True
Let f = -89 - -146. Is f a prime number?
False
Suppose -4*c - c + 5745 = 0. Is c prime?
False
Suppose 30*g = 29*g + 223. Is g composite?
False
Let a(h) = -h**2 - h. Let i(l) = 8*l**2 + 3*l - 1. Let n(g) = 14*a(g) + 2*i(g). Is n(-6) composite?
True
Suppose -2*u = -4*u + 3086. Is u composite?
False
Let x = 30 + -11. Is x a prime numb